 p be 2/(-6)*0/(-4). Suppose 6*h - 3*h + 6 = p. Let f(a) = -5*a - 2. What are the prime factors of f(h)?
2
Suppose 5*x + v = 275, -3*x + 64 = -v - 101. List the prime factors of x.
5, 11
List the prime factors of ((-36)/(-18))/(2/193).
193
Suppose 5*z - 586 = -v, 230 = 4*z - 3*v - 235. List the prime factors of z.
3, 13
Let w be 38/3 + 6/(-9). Suppose 4*n + 24 = -w. Let u = 13 + n. What are the prime factors of u?
2
Suppose 0 = -d + 5 - 17. Suppose -3*o + 7 = 4*f, -26 = 4*o - 5*f + 6. List the prime factors of 1/((-1)/(o + d)).
3, 5
Let t = 4 - -2. Suppose w + t = 3*w. List the prime factors of w.
3
Let q(t) = -t**2 - 6*t - 6. Let u be q(-4). Suppose 5*m = -u*d + 112, -3*m = 2*d - m - 112. List the prime factors of d.
2, 7
Suppose -s = -u, 0*s - 5*u = 2*s - 21. List the prime factors of (-17 - s)/(-1) + -3.
17
Let s be ((-2)/(-2))/((-3)/(-9)). Let y(m) = m**3 - 4*m - m**2 + s - 3 + 3. List the prime factors of y(3).
3
Suppose -3*g + j = -4*j - 31, j = 2*g - 16. Suppose -4*b - g = -k + 9, 3*k - 2*b - 38 = 0. What are the prime factors of k?
2, 3
Suppose 0 = -3*j + 5*p + 312, -2*j + 7*p + 206 = 3*p. What are the prime factors of j?
109
Suppose 0*a = 3*a + 5*b - 14, -2*a + 3*b = -22. Suppose 2*v - 18 = 6. Suppose v + a = 4*u. List the prime factors of u.
5
List the prime factors of 10 - (2 + 2/(-1)).
2, 5
Suppose 4*g = -m - m + 34, -3*g + 27 = 3*m. Let s be (g/6)/((-2)/(-3)). Suppose 4*r + 2*d = 10, -5*r - d + s*d = -9. What are the prime factors of r?
2
Let b = -5 + 5. Let x = b + 4. Suppose -2*o = -p + 15, 0*o = -x*p + 2*o + 84. List the prime factors of p.
23
Suppose -5*m + 257 = 42. List the prime factors of m.
43
Let r = 10 + -1. What are the prime factors of (-30)/r*(-6)/4?
5
Let o(z) = -7*z + 93. What are the prime factors of o(-17)?
2, 53
Suppose -2*i = -41 - 27. What are the prime factors of i?
2, 17
Let y(o) = -9*o + 26. List the prime factors of y(-18).
2, 47
Let g(p) = -4*p. What are the prime factors of g(-1)?
2
Suppose 5*w - 5*i - 225 = 0, 2*w = 2*i - 6*i + 78. What are the prime factors of w?
43
Let w = -27 - -57. List the prime factors of w.
2, 3, 5
Let s be -2 + 3 + (-96)/(-2). Suppose 5*n - s = -w, w + 5*n = n + 54. What are the prime factors of w/6 - 2/6?
2, 3
Let y(n) = n**2 + 8*n + 7. Suppose -9 = -5*p - 49. What are the prime factors of y(p)?
7
Suppose 0 = 2*y + 3*y - 45. Suppose -4*o + y + 11 = 0. Suppose 3*h - 5 = z - 2*z, o*h = -5*z + 35. List the prime factors of z.
2
Let x(f) = -4*f + 5*f + 9 - 8. List the prime factors of x(5).
2, 3
Let s(t) = -t**3 + 15*t**2 - 24*t + 2. List the prime factors of s(10).
2, 131
Let b = -3 + 9. Let p = 13 - b. Let v(d) = d**2 - 5*d - 2. What are the prime factors of v(p)?
2, 3
Let t = 16 - 12. List the prime factors of 1025/45 + t/18.
23
Let b be -3*((-21)/9 + 1). Suppose b*w - 34 = 2*x + 72, -3*x + 138 = 5*w. Let g = w - 14. List the prime factors of g.
13
Let a = 8 + -4. Let u be 2/((a/1)/2). List the prime factors of ((-20)/8)/(u/(-2)).
5
Let w(j) = 3*j**3 + 2*j - 3. List the prime factors of w(3).
2, 3, 7
List the prime factors of (30/(-21))/(-5)*7.
2
Suppose -3*f + 4 + 11 = 0. Let t = 0 - f. Let n = t + 15. What are the prime factors of n?
2, 5
Let p be 306/8 + (-18)/(-24). Suppose -3*f = -3*q + p, -4*f + 5*f - 72 = -4*q. List the prime factors of q.
17
Let m = 4 + -2. Suppose -m + 1 = -c. What are the prime factors of (-15)/(-2) + c/2?
2
Let b(g) = 5*g**2 - g - 1. Let m be b(-1). What are the prime factors of (6/m)/(6/75)?
3, 5
Let v be ((-7)/3)/(1/3). Let r = 0 - v. List the prime factors of r.
7
Let n(h) = h**3 + 6*h**2 - 6*h - 8. Let y be n(-6). Let i = -3 + y. What are the prime factors of i?
5
Suppose -4*z + 2 = -5*o - 0*o, z - 9 = -3*o. Suppose o*y + 19 = 83. List the prime factors of y.
2
Suppose -2*q - 3*g - 2*g = 9, -g - 12 = -3*q. Let v = q + 2. Suppose -7 + 52 = v*k. What are the prime factors of k?
3
Let r(x) be the third derivative of -x**4/8 + x**3/3 - x**2. List the prime factors of r(-2).
2
Suppose 2*d - 4*d = -110. List the prime factors of d.
5, 11
Let j = 34 + 2. Suppose -32 = -4*b + 3*b - 3*s, 5*s = -b + j. Suppose 2*q - 4*q - 13 = -3*k, 0 = -5*k - q + b. What are the prime factors of k?
5
Let y be 0/(-2) + -2 + 4. Let f be 3*y/(-3) - -28. What are the prime factors of 2/(-3) - f/(-3)?
2
Let l be (4/(-10))/(4/(-140)). Suppose 2*h = -2*d + l, -36 = -4*d - 5*h - 3. List the prime factors of d.
2
Let p = -2 - -8. Let d(q) be the first derivative of 3*q**2/2 - 3*q + 4. What are the prime factors of d(p)?
3, 5
Let q = 155 + -131. What are the prime factors of q?
2, 3
Suppose -3*u + 35 = -94. Suppose 4*r = -4*k + u + 73, -2*r - 5*k = -70. List the prime factors of r.
5
Suppose r - 148 = -3*r. Suppose 25 = 5*i, 2*p - 5*i - 27 = 4*p. Let w = r + p. What are the prime factors of w?
11
Let g(z) = -z + 7. Let v be g(4). Suppose -v*u - 3*p = -135, -2*u - 27 = 5*p - 132. What are the prime factors of u?
2, 5
Let u = -25 - -71. Let v = -22 + u. What are the prime factors of v?
2, 3
Let f be ((-40)/(-12))/((-2)/12). List the prime factors of 1*(-4)/(-4) - f.
3, 7
Suppose 0*v = 4*v - 16. Suppose 5*g - 45 = -2*r, 6*g = v*g - 4*r + 18. List the prime factors of g.
3
Let y(a) = a**2 + 7*a - 12. What are the prime factors of y(-9)?
2, 3
Suppose 3 = -4*t - 5, 6 = i - 2*t. Suppose 5*x - 45 = i*x. Let q = x - 5. What are the prime factors of q?
2, 5
Let q = -9 + 12. Suppose -41 = -q*p + 4*l, -p - l = -3*l - 15. What are the prime factors of p?
11
Suppose 0 = -0*g + 3*g + 966. List the prime factors of ((-1)/(-2))/((-7)/g).
23
Let s(z) = z**3 + 5 + z**3 + 7*z - z**3 - 7*z**2. Let w = 7 + -1. List the prime factors of s(w).
11
Let g(v) = -2*v - 2. Let f be g(9). Let j = f + 35. Suppose -3*d = j, 0 = -2*a + 4*d - 2*d + 18. List the prime factors of a.
2
Let n = -8 - 4. Let y = -6 - n. What are the prime factors of y?
2, 3
Suppose f - 65 = -3*w + 48, -3*f = -6. List the prime factors of w.
37
Suppose 2*n = -0*n + 88. List the prime factors of n.
2, 11
Let g(n) = n**2 - 2*n + 2. Let p be g(2). List the prime factors of p/(-3)*(-63)/6.
7
Suppose -m + 5*j - 21 = 3*m, -2*m + 27 = 5*j. Suppose -3*w + m = -5. Suppose 3*y - r = 31, 4*y - w*r - 2 = 36. What are the prime factors of y?
2, 3
Let a(y) = y**2 + 5*y - 4. List the prime factors of a(4).
2
Let h be 36/(-3)*6/(-4). Suppose -h = -2*r + r. Suppose -5*z + 4*m + r = -19, 0 = -4*z - 5*m + 5. List the prime factors of z.
5
Let x be (-2)/11 - (-237)/33. Let c(d) = 2 - 2 - 1 - x*d. List the prime factors of c(-1).
2, 3
Let m(b) = 2*b**3 - 7*b**2 + 8*b - 5. Let r be m(5). Let f = r - 78. List the prime factors of f.
2
Suppose -112 = -2*f - 2*f. What are the prime factors of 9/(-6)*f/(-6)?
7
Suppose 2*u + 0*u - 9 = -w, 3*w = -4*u + 17. Suppose 0*g + g + 5 = 0, 0 = -2*m - u*g + 11. What are the prime factors of m?
2, 3
Suppose -5*f + 67 = -5*p - 33, 0 = -f + 4*p + 23. What are the prime factors of f?
19
Let s(c) = 4*c + 5. What are the prime factors of s(3)?
17
Let n be (-8)/(-1)*(-14)/(-8). Let l(c) = 10*c. Let d be l(-1). Let q = d + n. What are the prime factors of q?
2
What are the prime factors of ((-24)/(-16))/((-6)/(-310))*2?
5, 31
Suppose -a = 4*k - 0*a - 87, 0 = -3*k + 2*a + 68. Suppose -2*y - q + 9 = 0, 4*y + 10 = -3*q + 29. List the prime factors of y/k - (-53)/11.
5
List the prime factors of (-2)/(-4) - 188/(-8).
2, 3
Suppose 0 = 3*p + h - 912, -h + 4*h = -5*p + 1520. What are the prime factors of p?
2, 19
List the prime factors of (-22)/(-77) + (-514)/(-14).
37
Let j(h) = h**3 - 9*h**2 + 3*h + 4. Let t be j(8). What are the prime factors of (-13)/(-1) - t/12?
2
Let z be (-1 - -1)/(-1) + 4. Suppose 0*g = -5*n - g + 61, z*g = -5*n + 64. List the prime factors of n*-2*15/(-18).
2, 5
Let f(b) = b**3 - 11*b**2 + 10*b + 6. Let t be f(10). Let a(o) = -o + 9. Let s be a(5). Suppose -s*l = -38 - t. List the prime factors of l.
11
Suppose 2*k = 5*o + 22, -6*k + 13 = -k - 2*o. What are the prime factors of k/((-22)/24 - -1)?
2, 3
Suppose 0 = 3*g - 6, -5*m + 3*g + 5 = -4. List the prime factors of -12*((-5)/m + 1).
2
Let v = 2 + -2. Suppose -5*d + d + 12 = v. Suppose 18 = d*w - 2*w + 2*u, w + 3*u = 22. What are the prime factors of w?
2, 5
Let y(j) = -2*j - 3 - 4 - 2*j**3 + 3*j**3 + 6*j**2. Suppose -5*m - 2*k - 40 + 0 = 0, m + 4*k + 26 = 0. W